factors of g.
2, 5, 31
Let m = 48282 + -29435. What are the prime factors of m?
47, 401
Suppose 0 = -2*g - 10, -3*i + 2*g = -28209 - 2401. List the prime factors of i.
2, 3, 5, 17
Suppose y = 8, -3*w + 28985 + 6791 = -4*y. List the prime factors of w.
2, 373
Let w(o) = 34*o**3 + 5*o**2 + 15*o - 24. Suppose -350 = -11*x - 317. List the prime factors of w(x).
2, 3, 41
Let k(n) = 5*n**2 - 3*n**2 + 9 - 2 - 3 + 6*n. Let r be (1 - -1) + 81/27. What are the prime factors of k(r)?
2, 3, 7
Let s(t) = -12*t - 49. Let y = -117 - -131. Suppose -2*m = -a + y, -3*m + a = -a + 23. What are the prime factors of s(m)?
11
Let f(l) = 3*l + 55. Let a be f(19). Let k = a + -110. Suppose d = k*s + s + 80, -92 = -d - s. List the prime factors of d.
89
Suppose -n - 5*y + 523 = -44, 0 = -n - 3*y + 565. Suppose -51*d + 47*d = -16. Suppose -r + 3 = -0*r, -d*j = 2*r - n. What are the prime factors of j?
139
Suppose -5750 = -2*l + 4*m, 16*m - 13*m = l - 2869. What are the prime factors of l?
2887
Let y = -235 + 229. Let w(m) = -5*m**3 - 16*m**2 - 16*m - 8. What are the prime factors of w(y)?
2, 37
Suppose 15*g = 6268 - 23893. Let x = 2316 + g. What are the prime factors of x?
7, 163
Suppose 64*i = 1826131 - 358099. What are the prime factors of i?
2, 3, 3823
Let f(q) be the third derivative of q**7/5040 + q**6/90 - q**5/5 - 20*q**2. Let y(a) be the third derivative of f(a). What are the prime factors of y(6)?
2, 7
Let n = -85 + 87. Suppose -n*g = -g - 46. Suppose -6*d + 304 = g. What are the prime factors of d?
43
Let c be 507/(-4)*20/(-15). List the prime factors of (-70)/35*-5*c/2.
5, 13
Suppose -2*p + 4*q = 94, -2*p - 2*q - 74 = 32. Let r be (-3 - (-10)/3)*p. What are the prime factors of r/(((-4)/(-12))/(1/(-3)))?
17
Let v(x) = 2*x**3 - 3*x**2 + 10*x + 31. Let g be v(4). Suppose 2*r - 588 = -0*r. Let m = r - g. List the prime factors of m.
11, 13
Let d(g) = -389*g**3 - 3*g**2 + 86*g**3 + 85*g**3 + 2. What are the prime factors of d(-1)?
7, 31
Suppose 62*d = 41*d + 168. Let z(h) = h**3 - 7*h**2. Let i be z(7). Suppose i = g - d - 42. What are the prime factors of g?
2, 5
Suppose 730 = 10*x - 340. Suppose s + x = 4*w - 0*w, 125 = 5*w - 3*s. List the prime factors of w.
2, 7
Suppose 197127 = o + 20*o - 420420. What are the prime factors of o?
7, 4201
List the prime factors of 0 + 34784/24 + 15/((-135)/12).
2, 181
Let t be (3 - 1)*(3 - 90 - 2). Let g = t - -296. Suppose -485 - g = -9*z. List the prime factors of z.
67
Suppose -294040 = 79*p - 1198511. What are the prime factors of p?
107
Let s(q) = 14*q - 53. Let k be (3 - 16/4)*-13. What are the prime factors of s(k)?
3, 43
Suppose t = 4*b - 25273, -37912 = -6*b + 4*t - 0*t. Suppose 16*n = 1922 + b. List the prime factors of n.
5, 103
Suppose 5*r = 4*d + 43071, 519*r + d - 34461 = 515*r. What are the prime factors of r?
5, 1723
Suppose -3*d + 26066 = 4*t - 3196, -3*d + 3*t + 29304 = 0. What are the prime factors of d?
2, 3, 1627
Let c = -21 + 36. Let h = 13 - c. List the prime factors of 1/(756/(-380) - h).
5, 19
Suppose 42*m + 66346 = 437626. List the prime factors of m.
2, 5, 13, 17
Let c(g) = 17*g - 41. Let t = 39 - 49. Let a be c(t). Let d = 394 + a. What are the prime factors of d?
3, 61
Suppose 258 = 539*x - 533*x. Suppose 0 = -g + 3*m + x, -2*m - 2*m + 194 = 3*g. List the prime factors of g.
2, 29
Let j be (-231)/(-33) - (2 + 370). Let i = j + 1755. List the prime factors of i.
2, 5, 139
Let o = 1486 + 1459. What are the prime factors of o?
5, 19, 31
Suppose -5*h - 19975 = -2*z, -75*h + 39965 = 4*z - 80*h. What are the prime factors of z?
5, 1999
Suppose 0 = -36*z - 22*z + 9802. Let r(q) = 2*q**2 - 5*q + 1. Let d be r(-5). Let p = z - d. List the prime factors of p.
3, 31
Suppose -3*o - 2*z + 42942 + 78523 = 0, -4*z = -4*o + 161920. List the prime factors of o.
3, 5, 2699
Suppose -5*m = 4*d - 7736, -11*d - 9649 = -16*d - m. Suppose 0 = 9*g - 4875 - d. What are the prime factors of g?
2, 3, 7
List the prime factors of 577956/48 - -2*1/8.
12041
Let c be ((-9)/6)/(-3 - 257/(-86)). Suppose c - 1021 = -4*k. Let u = k - 15. What are the prime factors of u?
2, 13
Let g = -300 - -46. Let z be g/(-10) - (4 - (-54)/(-15)). Let l = z + 4. List the prime factors of l.
29
Let o = -251 - -248. List the prime factors of (-5)/(-5) - -459 - o.
463
Let o(w) = w**2 + 11*w + 13. Let z be o(-10). What are the prime factors of 2*(3 - -3)*7/z?
2, 7
Let x = 1642 + -1289. What are the prime factors of x?
353
Let r be -5*28/(-20) + 7. Suppose r*n + 4*n - 450 = 0. What are the prime factors of n?
5
Let t(j) = -13*j - 54. Let a be (-54)/(-81) - 5*14/(-3). Let q be (0 - (-162)/a)/(3/(-8)). List the prime factors of t(q).
2, 3, 5
Let w be 0 - ((6 - 3) + -8). Suppose -3*g + 5*l + 619 = 0, w*g + 4*l = 3*g + 420. What are the prime factors of g?
2, 13
Suppose -p + 9 + 7 = 0. Let y = p + -6. What are the prime factors of ((-1675)/y)/(-1) - 2/(-4)?
2, 3, 7
List the prime factors of -5*(-8)/180 - 7*12835/(-9).
67, 149
Let o(u) = 16*u - 2. Let m be o(-1). Let f = 39 + m. Suppose f = -d + 154. List the prime factors of d.
7, 19
Let x be -10 + (66/8 + -8)*16. Let t(u) = 28*u**2 - u. Let s be t(4). What are the prime factors of (-2)/x*(s + 0)?
2, 37
Let m(l) be the first derivative of -l**4/4 - 2*l**3 + l**2 + 19*l - 28. Let b(f) = f**2 - f + 1. Let n(t) = 3*b(t) + m(t). List the prime factors of n(-6).
2, 17
Let w(j) = 339*j**2 - 6*j - 6. Let k be w(-2). Suppose -4*t - 5*x = -1382, 4*t - 7*x = -2*x + k. List the prime factors of t.
7
Let m = 10879 - 7857. What are the prime factors of m?
2, 1511
Suppose 0 = 4*c - 20, 6*c - 763 = v + 5*c. Let f = 68 - v. What are the prime factors of f?
2, 7, 59
What are the prime factors of (-259 + 258)*1/(1/(-12645))?
3, 5, 281
Let q(s) = -66*s - 8. Let v(d) = -d**3 - 7*d**2 + 16*d - 19. Let f be v(-9). What are the prime factors of q(f)?
2, 29
Let i = 557 - 410. Suppose i = p + 5*t, -8*p + t = -3*p - 709. List the prime factors of p.
2, 71
Let a(l) = -18*l + 147. Let o be a(8). What are the prime factors of -7 + (3 - o) - -792?
5, 157
Let u(o) = -5*o**3 - 2*o**2 + 2*o - 4. Let j be u(2). List the prime factors of (-2511)/(-15) - (j/(-20) - 2).
167
Suppose -2*v + 524*g + 53840 = 522*g, -4*v = -5*g - 107683. What are the prime factors of v?
11, 2447
List the prime factors of -2*(-15)/12 + 6379308/312.
11, 13
Suppose 0 = 661*a - 656*a - s - 26425, 2*a + 5*s = 10570. List the prime factors of a.
5, 7, 151
Let j = 1983 + -679. Suppose 26*z - 334 = j. What are the prime factors of z?
3, 7
Let y = 50 - 137. Let m = -42 - y. List the prime factors of (-19 + m)/((-1)/(-2)).
2, 13
Let u(s) = 1008*s**2 + 84*s - 336. List the prime factors of u(4).
2, 3, 7
Let r = 307 - 295. What are the prime factors of (672/(-2))/((-18)/r)?
2, 7
Let k(j) = j**3 + 12*j**2 - 18*j - 53. Let r be k(-13). Let s(g) = -g**3 + 17*g**2 - 19*g + 53. What are the prime factors of s(r)?
5, 109
Suppose -n - 4*c = -3*n - 76, 3*n = -5*c - 59. Let l = -114 + 81. Let j = n - l. List the prime factors of j.
5
What are the prime factors of 73334/5 - 14/(-70)?
3, 4889
Let y(n) = -2*n + 5*n + n**2 - 129 + 235. What are the prime factors of y(12)?
2, 11, 13
Let y = 15 - 121. Let j = y - -114. Suppose 2*b = 4*x - 468, -2*x - 12*b = -j*b - 234. List the prime factors of x.
3, 13
Let r(j) = 41*j**2 - 1793*j - 70. List the prime factors of r(56).
2, 3, 7, 223
Let u be 3/6 - (0 - (-228)/(-8)). Suppose a + u = -s + 3*s, -s = 5*a - 20. What are the prime factors of (-34)/4*(s + -23)?
2, 17
Suppose -5*r + 2*r - 9 = 0. Let t(u) = -3*u - 40. Let f be t(-10). List the prime factors of ((-105)/25 + r)/(2/f).
2, 3
Let g(u) = 2*u**3 - 10*u**2 - 10*u. Let o be g(6). Suppose 0 = 4*k + r - 1066, 10 = o*r - 7*r. What are the prime factors of k?
2, 7, 19
Let w be 1*-1*(-9 - 436). Suppose a = 5*a + 3*c - 361, 5*a + 5*c - w = 0. Suppose -3*h + a = -h. What are the prime factors of h?
47
Suppose 0 = 2*g + w + 5, 5*g = -6*w + 4*w - 11. Let u be -4 - (-30)/6 - (0 + g). Suppose 0 = 3*v + 9, a + u*a = 3*v + 267. What are the prime factors of a?
2, 43
Suppose 8*f = -12 + 44. Let a be 3*2/(1 - -5)*f. List the prime factors of a + 10*9 + -1.
3, 31
Let n(r) = -r**3 - 8*r**2 + 20*r + 7. Let h be n(-10). Let i(t) = h*t**2 - 19*t - t**2 + 10*t - 17. What are the prime factors of i(-5)?
2, 89
